st the prime factors of 7035.
3, 5, 7, 67
List the prime factors of 7660.
2, 5, 383
List the prime factors of 4300.
2, 5, 43
What are the prime factors of 67017?
3, 89, 251
List the prime factors of 2589.
3, 863
List the prime factors of 953.
953
List the prime factors of 14139.
3, 1571
What are the prime factors of 2232?
2, 3, 31
List the prime factors of 32264.
2, 37, 109
List the prime factors of 4674.
2, 3, 19, 41
List the prime factors of 60707.
17, 3571
What are the prime factors of 15348?
2, 3, 1279
List the prime factors of 730.
2, 5, 73
List the prime factors of 4108.
2, 13, 79
What are the prime factors of 187106?
2, 93553
What are the prime factors of 10426?
2, 13, 401
What are the prime factors of 52700?
2, 5, 17, 31
List the prime factors of 3469.
3469
List the prime factors of 67337.
17, 233
What are the prime factors of 609?
3, 7, 29
List the prime factors of 2850.
2, 3, 5, 19
List the prime factors of 2296.
2, 7, 41
List the prime factors of 161187.
3, 13, 4133
What are the prime factors of 1400?
2, 5, 7
List the prime factors of 1543.
1543
What are the prime factors of 58119?
3, 19373
List the prime factors of 2096.
2, 131
List the prime factors of 5329.
73
What are the prime factors of 16797?
3, 11, 509
What are the prime factors of 11238?
2, 3, 1873
What are the prime factors of 1260?
2, 3, 5, 7
List the prime factors of 1753.
1753
What are the prime factors of 7726?
2, 3863
What are the prime factors of 69136?
2, 29, 149
What are the prime factors of 73810?
2, 5, 11, 61
What are the prime factors of 17881?
17881
List the prime factors of 1190.
2, 5, 7, 17
What are the prime factors of 37046?
2, 18523
What are the prime factors of 1304?
2, 163
List the prime factors of 23426.
2, 13, 17, 53
List the prime factors of 8554.
2, 7, 13, 47
What are the prime factors of 509?
509
What are the prime factors of 2929?
29, 101
List the prime factors of 49684.
2, 12421
List the prime factors of 11306.
2, 5653
List the prime factors of 2264.
2, 283
List the prime factors of 706.
2, 353
List the prime factors of 44853.
3, 14951
List the prime factors of 7502.
2, 11, 31
List the prime factors of 2115.
3, 5, 47
List the prime factors of 3543.
3, 1181
What are the prime factors of 50?
2, 5
List the prime factors of 2359.
7, 337
List the prime factors of 34102.
2, 17, 59
List the prime factors of 5169.
3, 1723
What are the prime factors of 1047?
3, 349
What are the prime factors of 59609?
11, 5419
What are the prime factors of 4171?
43, 97
What are the prime factors of 34619?
13, 2663
What are the prime factors of 115386?
2, 3, 19231
List the prime factors of 3044.
2, 761
What are the prime factors of 7175?
5, 7, 41
What are the prime factors of 7782?
2, 3, 1297
List the prime factors of 11042.
2, 5521
What are the prime factors of 11199?
3, 3733
List the prime factors of 684.
2, 3, 19
What are the prime factors of 386?
2, 193
List the prime factors of 34883.
34883
What are the prime factors of 48064?
2, 751
List the prime factors of 3408.
2, 3, 71
List the prime factors of 54719.
7, 7817
What are the prime factors of 2342?
2, 1171
What are the prime factors of 1657?
1657
What are the prime factors of 1986?
2, 3, 331
What are the prime factors of 424?
2, 53
What are the prime factors of 2374?
2, 1187
List the prime factors of 642.
2, 3, 107
What are the prime factors of 26789?
7, 43, 89
What are the prime factors of 3651?
3, 1217
What are the prime factors of 3263?
13, 251
List the prime factors of 23818.
2, 11909
What are the prime factors of 882?
2, 3, 7
What are the prime factors of 8744?
2, 1093
What are the prime factors of 549?
3, 61
What are the prime factors of 215?
5, 43
List the prime factors of 1276.
2, 11, 29
List the prime factors of 36363.
3, 17, 23, 31
List the prime factors of 4005.
3, 5, 89
List the prime factors of 55577.
149, 373
What are the prime factors of 45932?
2, 11483
What are the prime factors of 2710?
2, 5, 271
List the prime factors of 325.
5, 13
List the prime factors of 3099.
3, 1033
What are the prime factors of 2168?
2, 271
What are the prime factors of 114?
2, 3, 19
What are the prime factors of 32662?
2, 7, 2333
List the prime factors of 10075.
5, 13, 31
What are the prime factors of 481?
13, 37
List the prime factors of 6447.
3, 7, 307
List the prime factors of 127089.
3, 523
What are the prime factors of 1560?
2, 3, 5, 13
List the prime factors of 56171.
56171
List the prime factors of 4121.
13, 317
What are the prime factors of 1725?
3, 5, 23
What are the prime factors of 1604?
2, 401
List the prime factors of 2203.
2203
List the prime factors of 4388.
2, 1097
What are the prime factors of 16086?
2, 3, 7, 383
What are the prime factors of 342?
2, 3, 19
What are the prime factors of 13736?
2, 17, 101
List the prime factors of 171.
3, 19
What are the prime factors of 5956?
2, 1489
List the prime factors of 3782.
2, 31, 61
List the prime factors of 8221.
8221
What are the prime factors of 11295?
3, 5, 251
List the prime factors of 387.
3, 43
What are the prime factors of 6469?
6469
What are the prime factors of 14810?
2, 5, 1481
List the prime factors of 8964.
2, 3, 83
What are the prime factors of 1743?
3, 7, 83
List the prime factors of 64164.
2, 3, 5347
List the prime factors of 95785.
5, 19157
What are the prime factors of 25225?
5, 1009
What are the prime factors of 438?
2, 3, 73
List the prime factors of 24575.
5, 983
List the prime factors of 7216.
2, 11, 41
What are the prime factors of 7002?
2, 3, 389
List the prime factors of 28328.
2, 3541
List the prime factors of 3875.
5, 31
List the prime factors of 8143.
17, 479
What are the prime factors of 16312?
2, 2039
What are the prime factors of 1534?
2, 13, 59
List the prime factors of 1004.
2, 251
List the prime factors of 7915.
5, 1583
List the prime factors of 91219.
19, 4801
List the prime factors of 99337.
7, 23, 617
List the prime factors of 8007.
3, 17, 157
List the prime factors of 1850.
2, 5, 37
What are the prime factors of 128?
2
What are the prime factors of 11906?
2, 5953
What are the prime factors of 16930?
2, 5, 1693
What are the prime factors of 5334?
2, 3, 7, 127
What are the prime factors of 3219?
3, 29, 37
List the prime factors of 1671.
3, 557
What are the prime factors of 64107?
3, 17, 419
What are the prime factors of 5037?
3, 23, 73
List the prime factors of 3987.
3, 443
What are the prime factors of 4848?
2, 3, 101
What are the prime factors of 761?
761
List the prime factors of 897.
3, 13, 23
What are the prime factors of 152?
2, 19
List the prime factors of 5436.
2, 3, 151
List the prime factors of 4456.
2, 557
List the prime factors of 686.
2, 7
What are the prime factors of 80368?
2, 5023
List the prime factors of 15015.
3, 5, 7, 11, 13
List the prime factors of 15194.
2, 71, 107
List the prime factors of 1199.
11, 109
List the prime factors of 302.
2, 151
List the prime factors of 5558.
2, 7, 397
What are the prime factors of 1138?
2, 569
What are the prime factors of 762?
2, 3, 127
What are the prime factors of 2438?
2, 23, 53
What are the prime factors of 80200?
2, 5, 401
List the prime factors of 1357.
23, 59
List the prime factors of 689.
13, 53
List the prime factors of 86644.
2, 21661
List the prime factors of 4561.
4561
What are the prime factors of 13350?
2, 3, 5, 89
What are the prime factors of 928?
2, 29
List the prime factors of 17568.
2, 3, 61
List the prime factors of 106812.
2, 3, 23, 43
List the prime factors of 2144.
2, 67
List the prime factors of 109891.
109891
What are the prime factors of 475?
5, 19
What are the prime factors of 121488?
2, 3, 2531
List the prime factors of 42682.
2, 21341
List the prime factors of 596.
2, 149
List the prime factors of 56213.
67, 839
What are the prime factors of 14442?
2, 3, 29, 83
List the prime factors of 45908.
2, 23, 499
What are the prime factors of 6747?
3, 13, 173
List the prime factors of 9659.
13, 743
What are the prime factors of 133148?
2, 33287
List the prime factors of 37607.
37607
What are the prime factors of 79286?
2, 29, 1367
What are the prime factors of 5?
5
What are the prime factors of 10777?
13, 829
What are the prime factors of 1525?
5, 61
What are the prime factors of 4279?
11, 389
List the prime factors of 40844.
2, 10211
What are the prime 